141. Determine z(20).
481
Let y(b) = 2*b**3 + 152*b**2 - 115*b - 8630. Give y(-76).
110
Let b(k) = -k**2 + 1000*k - 180871. Calculate b(237).
-40
Let n(j) = 12700*j - 101640. What is n(8)?
-40
Let o(v) = v**3 - 27*v**2 - 937*v - 150. Calculate o(47).
-9
Let f(g) = g**3 - 3*g**2 - 1423*g + 1425. What is f(1)?
0
Let w(y) = -13*y**2 + 894*y - 7849. Give w(9).
-856
Let v(y) = -8260*y + 991246. What is v(120)?
46
Let y(j) = 2*j**2 - 624*j + 46360. Determine y(190).
0
Let n(m) = -2*m**2 - 422*m - 2656. What is n(-6)?
-196
Let w(s) = 7510*s - 52538. Calculate w(7).
32
Let d(s) = 47*s - 3679. Give d(77).
-60
Let r(w) = -120*w**2 + 107*w + 112. Give r(-1).
-115
Let o(w) = 2*w**2 + 1969*w + 27012. Give o(-14).
-162
Let k(h) = -2*h**2 + 164*h - 2324. Determine k(68).
-420
Let p(o) = 1283*o - 10946. Determine p(8).
-682
Let x(t) = t**3 - 12*t**2 - 1603*t - 19285. Give x(-20).
-25
Let m(i) = 41*i**3 + 129*i**2 + 4*i + 13. Determine m(-3).
55
Let s(u) = 9020*u - 5312783. Calculate s(589).
-3
Let v(k) = -28*k**2 - 276406*k - 276407. Give v(-1).
-29
Let y(j) = -j**2 - 242*j - 14562. Give y(-135).
-117
Let i(j) = -j**3 + 111*j**2 + 230*j - 25528. Give i(111).
2
Let b(t) = 5279*t + 47528. Calculate b(-9).
17
Let b(a) = -67*a - 12593. Give b(-185).
-198
Let k(p) = -13*p**2 - 1278*p - 420. Calculate k(-98).
-28
Let o(n) = 2*n**3 + 1738*n**2 + 229066*n - 353. Calculate o(-162).
-29
Let p(y) = 3*y**2 + 3557*y + 42. Calculate p(0).
42
Let a(r) = -901*r - 46225. Give a(-51).
-274
Let g(c) = -c**3 + 92*c**2 - 9*c + 537. Give g(92).
-291
Let c(a) = a**3 - 8*a**2 + 2058*a - 12288. What is c(6)?
-12
Let k(r) = r**2 + 23910*r - 47822. Determine k(2).
2
Let l(j) = 2*j**3 + 62*j**2 - 41*j - 2068. Determine l(-32).
-2804
Let a(v) = -2*v**2 - 4053*v - 1176203. Give a(-351).
-2
Let o(y) = -179*y**2 + 5916*y + 12544. What is o(-2)?
-4
Let i(f) = f**3 - 276*f**2 + 5183*f - 16125. What is i(256)?
3
Let s(o) = -o**2 + 765*o + 500869. Determine s(-422).
-45
Let m(v) = v**3 - 88*v**2 + 182*v + 917. Give m(85).
-5288
Let n(c) = 33*c + 2706. Calculate n(-48).
1122
Let u(i) = 137*i**3 + 1644*i**2 + 4*i + 45. Calculate u(-12).
-3
Let x(l) = 517*l + 38293. Calculate x(-75).
-482
Let f(j) = -7154*j + 1094559. What is f(153)?
-3
Let d(w) = -w**2 + 211*w - 5586. Calculate d(31).
-6
Let l(j) = j**2 - 11800*j + 1517088. Calculate l(130).
-12
Let i(h) = h**3 - 32*h**2 + 77*h - 2323. Determine i(32).
141
Let g(k) = 14357*k - 71382. Determine g(5).
403
Let g(s) = s**3 - 593*s**2 - 16092*s - 1235. Determine g(619).
3
Let d(t) = -t**3 - 12*t**2 - 45*t + 66. Determine d(-7).
136
Let i(q) = -7*q**2 + 683*q - 7515. What is i(85)?
-35
Let p(b) = 1347*b**3 + 6*b**2 - 2. What is p(1)?
1351
Let g(h) = h**3 + 20*h**2 - 25*h - 238. Determine g(-6).
416
Let s(a) = -47788*a - 430080. Determine s(-9).
12
Let j(c) = 110285*c + 1654277. What is j(-15)?
2
Let x(i) = 2*i**3 + 645*i**2 - 1632*i - 2259. Give x(-325).
16
Let b(q) = -q**3 - 28*q**2 - 102*q - 1380. Calculate b(-26).
-80
Let t(v) = -2*v**3 + 80*v**2 + 19*v - 808. Determine t(40).
-48
Let m(a) = -1812*a - 920485. Give m(-508).
11
Let y(o) = 423501*o + 8893506. Calculate y(-21).
-15
Let i(a) = 5*a**2 - 20*a + 20. Calculate i(11).
405
Let m(o) = 2*o**3 - 620*o**2 - 31134*o - 6349. Calculate m(354).
23
Let c(f) = -f**3 - 215*f**2 - 1561*f + 756. What is c(-8)?
-4
Let h(i) = -12*i**2 - 12927*i + 286837. Calculate h(-1099).
-2
Let i(j) = -13*j**2 - 50*j + 37. Give i(5).
-538
Let m(y) = -23*y**3 + 3*y**2 + 4*y - 17. Give m(-5).
2913
Let q(g) = g**3 + 202*g**2 - 452*g - 9004. Calculate q(-204).
-28
Let y(g) = -15170*g + 136567. What is y(9)?
37
Let a(h) = 1257*h**2 - 12*h + 14. What is a(1)?
1259
Let c(t) = -2*t**2 + 158*t + 3199. Calculate c(-17).
-65
Let i(y) = y**3 + 96*y**2 + 774*y - 49. Give i(-9).
32
Let c(f) = -f**3 + 3*f**2 + 449*f - 659. Give c(-21).
496
Let n(r) = 7*r**2 + 696*r - 598. Determine n(-99).
-895
Let h(w) = 868*w + 3275. Calculate h(-3).
671
Let i(v) = 13*v - 34. What is i(-61)?
-827
Let l(s) = 2*s**3 + 197*s**2 - 2300*s - 994. Calculate l(-109).
205
Let y(k) = -124016*k - 496057. Give y(-4).
7
Let j(t) = -t**3 - t**2 - 61*t - 767. Give j(-7).
-46
Let m(n) = -19*n**3 + n**2 + 101*n - 12. Determine m(-3).
207
Let v(u) = 11012204*u + 7. Determine v(0).
7
Let o(r) = 5*r**2 - 5847*r - 5846. Calculate o(-1).
6
Let c(r) = 164*r**3 - 654*r**2 - 337*r + 1309. Give c(4).
-7
Let z(b) = 123*b**2 + 36027*b + 32410. Give z(-292).
-2
Let v(x) = -14*x**2 - 248*x - 381. Determine v(-16).
3
Let h(t) = 1395*t + 135365. What is h(-97)?
50
Let h(f) = -f**3 + 26*f**2 + 61*f - 3879. What is h(19)?
-193
Let d(x) = x**3 + 216*x**2 + 1859*x - 686. What is d(-207)?
142
Let t(d) = -139*d**3 + 2*d**2 - 2284*d + 2282. Give t(1).
-139
Let r(d) = -7*d**3 - 301*d**2 + 4*d + 144. What is r(-43)?
-28
Let x(w) = 2215*w + 1709971. What is x(-772)?
-9
Let y(v) = -v**2 + 355*v + 2013. Calculate y(362).
-521
Let h(t) = -12*t**3 - 4*t**2 + 92*t - 255. Give h(4).
-719
Let l(u) = -9334*u + 242645. What is l(26)?
-39
Let c(t) = 9*t**2 - 397*t - 1099. Calculate c(46).
-317
Let t(s) = -262180*s - 6030136. Determine t(-23).
4
Let g(o) = -2119*o - 16580. Give g(-7).
-1747
Let p(c) = 21964*c + 417317. What is p(-19)?
1
Let n(c) = c**3 + 11*c**2 - 11*c - 294. Calculate n(-11).
-173
Let i(k) = -k**3 - 163*k**2 + 48*k + 8146. Calculate i(-163).
322
Let n(i) = i**3 - 2*i**2 - 12*i + 415. What is n(0)?
415
Let j(t) = -1066*t**2 + 44779*t - 299. What is j(42)?
-5
Let f(z) = -20*z**2 - 1857*z + 16824. Give f(9).
-1509
Let m(x) = 1700*x**3 + 38*x**2 - 38*x - 3. What is m(1)?
1697
Let n(z) = -17*z**2 + 156*z - 67. Give n(9).
-40
Let r(t) = 211*t**2 + 5497*t + 153. Calculate r(-26).
-133
Let g(i) = -12*i**2 + 773*i + 558. What is g(65)?
103
Let q(t) = -9*t**3 + 1036*t**2 - 1641*t + 57111. What is q(114)?
-3
Let h(k) = 29*k**2 + 42*k + 34. Determine h(-2).
66
Let r(n) = -n**3 + 1173*n**2 - 3392*n - 138059. Give r(1170).
1
Let x(z) = 6*z**2 + 1230*z + 62902. Determine x(-107).
-14
Let z(d) = 2*d**3 + 87*d**2 - 7*d - 1742. Give z(-43).
408
Let z(h) = -1163*h - 557602. What is z(-480)?
638
Let g(k) = 552*k + 12344. Calculate g(-22).
200
Let z(g) = g**3 + 118*g**2 + 7320*g + 782494. What is z(-114)?
-2
Let c(w) = -3*w**3 - 224*w**2 + 111*w + 2913. Calculate c(-75).
213
Let g(i) = 158798*i + 952784. Give g(-6).
-4
Let b(m) = m**3 + 48*m**2 - 788*m - 38. What is b(13)?
27
Let u(j) = -2*j**3 - 93*j**2 + 4748*j + 218587. Determine u(-44).
-5
Let i(s) = -1248*s + 38678. What is i(29)?
2486
Let l(i) = 2509*i**2 - 37718*i - 15. What is l(15)?
-1260
Let f(w) = -4*w**2 + 1396*w + 4196. Calculate f(-3).
-28
Let q(i) = i**3 + 487*i**2 + 30536*i - 10733. What is q(-413)?
5
Let i(d) = 3*d**3 - 9*d**2 - 391*d + 1619. Calculate i(4).
103
Let h(x) = 799*x + 83502. What is h(-104)?
406
Let c(t) = t**3 - 57*t**2 + 688*t + 1944. Give c(37).
20
Let w(i) = -471*i + 9075. Calculate w(20).
-345
Let q(x) = -90*x**2 - 2974*x - 24011. Give q(-19).
5
Let h(y) = -30*y**2 - 1248*y - 1207. Determine h(-1).
11
Let h(g) = g**3 - 73*g**2 - 30*g + 2116. Calculate h(73).
-74
Let d(l) = -l**3 + 3*l**2 - 2596*l + 4. Give d(0).
4
Let i(o) = -7*o + 1460. Give i(216).
-52
Let g(t) = -t**3 + 54*t**2 + 312*t + 2851. Determine g(60).
-29
Let k(f) = 701794*f + 14737693. What is k(-21)?
19
Let t(w) = 2434*w - 14545. What is t(6)?
59
Let g(k) = -15349*k - 21227657. Calculate g(-1383).
10
Let x(m) = -m**3 - 84*m**2 + 75*m + 7218. Calculate x(-84).
918
Let c(w) = -w**2 + 1309*w + 6516. Determine c(-5).
-54
Let l(m) = 3*m**3 + m**2 - 2360*m + 7077. Calculate l(3).
87
Let p(h) = -h**3 - 85*h**2 + 249*h - 1874. Give p(-88).
-554
Let b(t) = -128*t + 62. Determine b(-5).
702
Let g(r) = r**3 + 24*r**2 + 411*r + 9058. Calculate g(-23).
134
Let b(q) = q**3 - 12*q**2 + 847*q - 13114. Give b(15).
266
Let t(q) = -q**2 - 317*q - 8244. Give t(-29).
108
Let f(i) = 39*i - 2311. Calculate f(72).
497
Let i(u) = -2*u**3 + 29*u**2 - 19*u - 47. What is i(11)?
591
Let x(z) = 199*z - 17740. Determine x(89).
-29
Let t(v) = 332*v**3 - 2338*v**2 - 2552*v + 62. Calculate t(8).
-2
Let o(q) = 1060*q**2 + 249104*q + 926. Determine o(-235).
-14
Let t(s) = -16222*s - 32560. Calculate t(-2).
-116
Let w(v) = 16496*v - 148496. Give w(9).
-32
Let l(j) = -226*j - 1093. Calculat